t of l?
5
Let l(h) = h**2 + 4*h + 1. Let f be l(-5). Let b = f - 6. What is the units digit of (8 + -6)*(4 + b)?
8
Let x = 82 - 54. Suppose x = 2*t - 38. What is the tens digit of t?
3
Let l = -3 + 7. Suppose -2*o + 6 = -l. What is the units digit of o?
5
Let d(j) = -j**3 - 4*j**2 + 5*j + 7. What is the units digit of d(-6)?
9
Let z = -3 - -3. What is the units digit of 20 + 0 + z + 0?
0
Let c = 37 - 25. Let m(s) = -s**2 + 13*s - 8. What is the units digit of m(c)?
4
Let i be (-1 - -4)*2/(-3). Let h be (-4 - i)/(-4)*0. Suppose h*t = -3*t + 24. What is the units digit of t?
8
What is the tens digit of (-6 + 4 - -3) + 119?
2
Let z be (-32)/(-24)*(-6)/(-4). Suppose 10 = 2*y - z. What is the units digit of y?
6
Let m be (6/(-4))/(6/(-8)). Suppose -m*q - 2*q + 32 = 0. What is the units digit of q?
8
Let z = -61 + 205. Let k = -100 + z. What is the units digit of k?
4
Suppose -4*v - 4*b - 146 = -2*b, 2*v + 76 = -2*b. Let f = -16 - v. What is the tens digit of f?
1
Suppose 0 = x - 5*p + 2, -5 = p + 4*p. Let o(c) = -c**3 - 6*c**2 + 4*c - 1. What is the tens digit of o(x)?
2
Let y = 10 - 22. Let b = 18 + y. What is the units digit of b?
6
Let i(u) = -2*u - 11. Let r be i(-8). Suppose -32 = -4*d - 4*p, 7*d = 2*d + 2*p + 5. Let m = r - d. What is the units digit of m?
2
Suppose t = -5*i + 177, -2*i + 0*i - 5*t + 57 = 0. What is the tens digit of i?
3
Suppose 29 = r + 5*s, 4*r - 3 = s + 8. What is the tens digit of 10 + 0 + (5 - r)?
1
Let j(s) = s**2 - 7*s. Let q be j(7). Suppose -2*m - 4*b + 30 = q, -b = 4*m - 5*b - 108. What is the tens digit of m?
2
Suppose s - 5*s = h - 781, -5*s - 4*h = -979. What is the tens digit of s?
9
Suppose 0 = 3*a + 3*i - 8*i + 29, 20 = -4*a + 2*i. Let h = 1 - a. What is the units digit of (-7 - -1)*h/(-6)?
4
Let k = 3 - 6. Let j(z) = z**2 - 10*z - 6. Let c be j(11). Let g = c + k. What is the units digit of g?
2
Let s = 17 - 15. Suppose -3*i + s*q = -2*q - 17, 5*q = 5. What is the units digit of i?
7
Let i = -1 + 1. Suppose i = 4*x - x - 24. Suppose 4*t = -4*y - x, -2*y = -t - 4*y - 6. What is the units digit of t?
2
Let m = -38 + 54. Suppose 0 = 6*x - 2*x + m. What is the units digit of (-15)/10 + (-22)/x?
4
Let k(h) = -h**3 - 8*h**2 - 6*h + 8. Let i be k(-7). What is the tens digit of -2 + 25/1*i?
2
Suppose 4*f = 3*a - 248, 3*a - 177 = a + 5*f. Let v = -39 + a. Let q = 55 - v. What is the tens digit of q?
1
Let o = 2 + -2. Suppose o = g - 20. What is the units digit of g?
0
Suppose 0 = 3*f + 49 + 35. Let n = 50 + f. Suppose 2*z + 3*z = 4*y - n, -2*y - z = -4. What is the units digit of y?
3
Let z(l) = 3*l**2 + 3*l - 3 - 6*l**2 + 2*l**2 + l**3. What is the units digit of z(2)?
7
Let j be (-78)/(-21) - (-8)/28. What is the tens digit of -10*j/16*-10?
2
Suppose -390 = 158*v - 159*v. What is the tens digit of v?
9
Suppose -3*i + 7 = 1. Suppose i*k + 5*n - 2*n - 9 = 0, -4*k - 4*n = -16. What is the units digit of 3 + (17 - 9/k)?
7
Let j = 10 + -9. Let d = 22 - j. What is the units digit of d?
1
Let l be 5*(-2)/(-4)*2. Suppose -49 = l*z + 1. Let d(t) = -t**2 - 9*t + 13. What is the units digit of d(z)?
3
Suppose 2*l + 4 = -2*l. Let x = 12 + l. What is the tens digit of x?
1
Let y(r) = r**3 + r**2 - r - 1. Let s be y(-2). Let q(x) = x**3 + 4*x**2 + 2*x. What is the units digit of q(s)?
3
Suppose -2*m + 2 = 0, -a + 5 = m + 3*m. What is the units digit of a?
1
Let j(s) = -2*s**3 - s**2 + s - 4. What is the tens digit of j(-3)?
3
Suppose 4*y = -8, 4*s + s - y + 33 = 0. Let v(h) = h**3 + 6*h**2 - 7*h + 1. What is the units digit of v(s)?
1
Let q(p) = -p**2 + 4*p - 3. Let w(h) = -h**2 - h + 1. Let l(b) = q(b) - 2*w(b). What is the units digit of l(-9)?
2
Let a(p) = p**2 + 5*p + 1. Let n be a(-5). Suppose t + 3*m = n, 0 = 5*t - m + 4*m - 53. What is the units digit of t?
3
Suppose 0 = 3*u - 5*u + 54. Suppose w - u = -0*w + 5*g, 0 = -3*w + g + 11. Suppose w*b + 3*d - 20 = -d, 3*b - 3 = 3*d. What is the units digit of b?
4
Let r(p) = -p**2 - 5*p + 15. Let m be r(5). Let k = -15 - m. What is the units digit of k?
0
Suppose -13 + 1 = 4*k. What is the tens digit of (11 + k)*4 - -1?
3
Suppose h - 5 = -21. Let f = 50 + h. What is the tens digit of f?
3
Let h = -55 - -90. Let d = h + -24. What is the units digit of d?
1
Suppose -2*k + k + 141 = 0. What is the hundreds digit of k?
1
Let w(t) = -t**3 + 6*t**2 + 4*t - 7. What is the units digit of w(4)?
1
Let t(n) = n**2 + 3*n - 3. What is the units digit of t(-9)?
1
What is the units digit of (-12)/30 + (792/(-15))/(-2)?
6
Let o = -4 + 6. Suppose 0 = q - 4*g + o*g + 1, 0 = 5*q + 4*g + 5. Let h = q + 11. What is the units digit of h?
0
Let m(x) = 152*x**2. What is the tens digit of m(1)?
5
Let i(q) = q**3 + 8*q**2 - 6*q + 19. What is the tens digit of i(-8)?
6
Let s = 7 - -25. Suppose -c = -2*c + s. Suppose -c = -2*o - 2*t, -3*o - 2*o + 3*t + 88 = 0. What is the tens digit of o?
1
Let v(d) = -d**3 + d**2 + 13*d + 2. What is the units digit of v(4)?
6
Suppose 2*f = -0*w + 3*w - 5, -5*w = f + 9. Let s be ((-1)/(-2))/(1/(-4)). What is the units digit of (s*1)/w + 0?
2
Let n = 5 + -7. Let b(g) = 10*g - 1. Let w be b(n). What is the units digit of w/2*6/(-9)?
7
Let d = -80 - -113. What is the units digit of d?
3
Let i(v) = 2*v**3 - 2*v**2 - 4*v - 2. Let o be i(-2). Let n(a) = a**2 + 16*a - 17. What is the units digit of n(o)?
9
Let u = -338 + 566. What is the tens digit of u?
2
Let b = -237 - -363. What is the tens digit of b?
2
Let u = 56 - 26. What is the units digit of u?
0
Let l = 52 + -17. What is the units digit of l?
5
What is the tens digit of (0 - -16) + (4 - (4 + -2))?
1
Suppose 0 = t - x - 126, -2*t = -t + 5*x - 138. What is the tens digit of t?
2
Suppose 2*v - 10 = w, 5*w + 29 = 3*v - 0*w. Let j = v + -1. Let t(p) = -p**2 + 4*p - 3. What is the units digit of t(j)?
1
Suppose 5*r - c - 1643 = 3*c, 317 = r + 5*c. What is the units digit of r?
7
Let y(u) = u**3 - 2*u**2 - 2*u - 1. Let w be y(3). Let k(s) = 3*s**2 - 2*s + 1. What is the units digit of k(w)?
9
Suppose -h = 2*r - 38, -3*h = -0*h - 6. What is the tens digit of r?
1
What is the hundreds digit of ((-2)/(-3))/((-4)/(-762))?
1
Let g be (2/(-6))/((-9)/189). Let o = 34 - g. What is the units digit of o?
7
Let n = -54 + 158. What is the tens digit of n?
0
Let j = -11 + 17. What is the units digit of 1 + j/(-3) + 8?
7
Suppose -8 = -3*f - 2*d - 0, 5*d = 2*f + 1. Suppose -f*t + 23 = -t. Suppose -12 = -5*y + t. What is the units digit of y?
7
Let q = -8 - -11. Suppose 0 = -5*d + 5*f - 10, f + 9 = 5*d + q. Suppose d*j - 2*a + 4 - 12 = 0, -5*a = 10. What is the units digit of j?
2
Let g = 9 + -5. Suppose 83 = 5*s - x + 16, g*x = 4*s - 60. What is the units digit of s?
3
Suppose 4*i - 28 = -5*b, 3*i - i - 2 = -b. Let c = b - 5. What is the units digit of c?
3
What is the units digit of (22/8)/(3/60)?
5
Suppose -3*i = -8*i - 3*d + 584, 0 = -4*d + 12. What is the tens digit of i?
1
Let b(u) = 5*u - 3. Let t(k) = k**2 + 2*k - 1. Let s be t(-2). Let d be (1/s - 1)*-1. What is the units digit of b(d)?
7
Suppose -4*m = -3*m - 5. Suppose 4*y - 2 = -2*i + 2*y, -m*i + 2*y + 33 = 0. Suppose -52 = q - i*q. What is the tens digit of q?
1
Suppose -3*b + 295 = 5*j, 0 = -j - 2*b + 6*b + 36. Suppose 0 = -2*a - 2*a + 16, -5*x = -a - j. What is the tens digit of x?
1
Suppose 16*f + 280 = 17*f. What is the hundreds digit of f?
2
Let s = -3 + 4. What is the units digit of (-46)/(-5) - s/5?
9
Let z = 86 + -36. What is the tens digit of z?
5
Let n = -3 - 11. Let u = -6 - n. What is the units digit of u?
8
Let r(j) = 6*j - 1. Suppose 6 = -0*d + 3*d. Suppose 0 = -4*s + 2 + d. What is the units digit of r(s)?
5
Let m = 122 + -87. What is the tens digit of m?
3
Let r be 35/14 + (-3)/2. Let t(a) = -2*a**2 + 5*a - 2*a - a + 4*a**3 - 1. What is the units digit of t(r)?
3
Suppose -2*g + 6 = -4*i + 2, -10 = -5*g. Suppose i = -4*t - 0*t. Suppose -2*r + 20 - 6 = t. What is the units digit of r?
7
Suppose 0*d = -2*d - 448. Let f be d/(-22) + (-8)/44. What is the units digit of f + (2 - 5) + 2?
9
Suppose 0 = 6*u - u. Suppose u*s - 2*s + 5*v = -62, 0 = -4*s - 4*v + 96. What is the units digit of s?
6
Let p(r) = 146*r + 2. What is the units digit of p(2)?
4
Suppose 6 = -2*a, u + 5*a = -u + 95. Let d = -34 + u. What is the tens digit of d?
2
Let a(q) = 3*q**2 + 10*q + 3. What